1)/6*(1 + 1). Let c be 0 - 0 - (4 + 38). Let f = c - l. Is f a prime number?
False
Is (-14240 - (2 + 0))/((-62)/31) a composite number?
False
Let s(v) = v**2 - 11*v + 7. Let p = -16 + 23. Let k be s(p). Is ((-3710)/k)/(4/6) prime?
False
Suppose -2*h + 0*o + 29961 = 5*o, 0 = -5*o - 5. Is h a prime number?
True
Suppose 99*x + 49857 = 102*x. Is x a prime number?
True
Let g(a) = 134*a - 11. Let z be g(6). Suppose -2*i - 1200 = 4*l - l, -2*l = -i + z. Let k = l + 609. Is k a prime number?
True
Suppose -4 = z - 7. Suppose z*h - 4744 - 2421 = 2*o, -3*o = -2*h + 4785. Is (-8)/6*h/(-30) composite?
True
Suppose 112064 = 13*z + 29761. Is z a prime number?
False
Let v = 4536 - 1609. Is v a prime number?
True
Let f = 5702 - -1820. Is f a composite number?
True
Suppose 308*w - 312*w = -3352. Is w a prime number?
False
Let o = 486 + 373. Is o a composite number?
False
Let n(r) = r**3 - 6*r**2 + 4*r + 6. Let q be n(5). Is -571*(-3)/(2 + q) a composite number?
False
Let o(i) = 5*i**2 - 17*i + 37. Suppose -7 = 3*y - 43. Is o(y) a composite number?
True
Suppose 5 = -b - 148. Is (-1)/(((-6)/b)/((-14)/3)) a composite number?
True
Let r = 8635 + 1372. Is r prime?
True
Suppose 43*v - 45*v - 6830 = 0. Is (2 - 1)/((-5)/v) composite?
False
Let a(w) = 47*w**2 - 10*w - 62. Is a(-13) composite?
False
Let c(j) = -j**3 - 9*j**2 - 6*j + 12. Let f be c(-8). Let a be (0 - 1)*-10 - f. Is (3 - 77)/((-4)/a) a prime number?
False
Suppose -56015 = -3*k + j, 0 = -2*k + 25*j - 30*j + 37332. Is k prime?
True
Suppose -23*m - 5*m + 171388 = 0. Is m a prime number?
True
Let s = -176 + 293. Suppose 5*u + 386 - s = 2*g, 0 = 3*u + 9. Is g prime?
True
Let f = 87 - 94. Let w(j) = -10*j**3 - 8*j**2 + 5. Is w(f) a prime number?
False
Let m(t) = 32*t**3 - 11*t**2 + 6*t + 7. Is m(4) composite?
True
Let o = 2485 + -1129. Suppose 4*t - o = -4*g, -1358 = -4*g + 2*t - 7*t. Is g a prime number?
True
Let s(k) = -k**2 - 3*k + 4. Let n be s(-4). Suppose n = 4*q, 3*d = -0*d - q + 435. Suppose -7*r + d = -2*r + 5*m, 2*m = 3*r - 107. Is r prime?
False
Suppose 2*y + 19 = 5*h - 28, 5*h - 14 = -y. Let p(n) = -n**3 - 8*n**2 - 3 + 0 - 1 - 7*n + n**2. Is p(y) a prime number?
True
Let n = -523 - -5214. Is n composite?
False
Suppose 2*o + 4*a - 9922 = 0, -6*o = -10*o - 2*a + 19832. Is o prime?
True
Is 11 - (-11 - -11 - 27032) composite?
False
Is (427/(-2) + 4)*-10 a prime number?
False
Suppose -20*i - 2*s + 223635 = -15*i, -5*i = s - 223640. Is i composite?
False
Let z = 34 + -42. Let v = z - -22. Is v prime?
False
Is (898/(-4) + -4)/(1/(-4)) prime?
False
Let a(h) = 60*h**2 - 42*h - 13. Is a(10) prime?
False
Suppose 5*b - 844 = -324. Suppose -u + b = 3*h, h - 178 = -4*h - 4*u. Is h a prime number?
False
Let i be 50/13 - (-18)/117. Is 326/(-3)*-15*2/i a prime number?
False
Let c(j) = j**2 + 5*j - 31. Let p be c(-9). Suppose -424 = p*d + 5*q - 2084, -d = 3*q - 328. Is d composite?
True
Let k be 3 + 3 - 0/4. Suppose k*b - 70 = 4*b. Is b a prime number?
False
Let g be (-4 - 0) + 4 + 0. Let c(s) = -s**2 - 6*s + 9. Let k be c(-7). Suppose g = -0*m + k*m - 526. Is m composite?
False
Let f(s) = s**2 - 8*s + 24. Let d be f(4). Suppose -16101 = -d*r + 10147. Is r prime?
False
Suppose 8*s = 13*s - 5. Let w(c) = 210*c**2 - 2*c + 3. Is w(s) composite?
False
Let s be 3*-1*132/9. Let o be s/(-10) - (-10)/(-25). Let b(j) = 13*j**2 - j + 1. Is b(o) composite?
True
Suppose -3*t - 2 = 19. Let b(y) be the third derivative of -23*y**4/12 - 5*y**3/6 + 10*y**2. Is b(t) a prime number?
True
Let x be 68226/45 - (-8)/(-60). Suppose -j + 4*j = -3111. Let l = x + j. Is l a prime number?
True
Suppose -q = -3*q + 2*d + 3116, 2*d - 6214 = -4*q. Is q a prime number?
False
Suppose 4*x - 138682 = 3*t, -122364 - 50973 = -5*x - 4*t. Is x a composite number?
True
Suppose 0 = -4*b - s + 23, 20 = 3*b - 2*s - 11. Let i(q) = b*q + 3*q + q - 8. Is i(5) prime?
True
Let m(i) = 9*i**2 + 2*i + 2*i**2 + 21*i**2 + 1 - i. Let k be ((-14)/(-4))/(-1)*40/(-70). Is m(k) prime?
True
Suppose 0 = 11*q + 25 + 52. Let b = 957 - 425. Is 6 + q + b + 2 a prime number?
False
Let q be 1 + 39 - (4 + -2). Suppose -5*g + 0*g = -505. Let f = g + q. Is f a composite number?
False
Suppose 109*s + 11337 = 112*s. Is s a prime number?
True
Is (((-126)/(-4))/3)/((-75)/(-63850)) prime?
False
Let x(k) = -k**2 + k + 1. Let w(n) = 456*n**2 - n. Let a(y) = w(y) + 5*x(y). Is a(-2) a composite number?
False
Let g(b) = b**3 - 8*b**2 - 9*b + 2. Let s be g(9). Suppose 4*v = -m - s*m + 210, -49 = -v + m. Is v composite?
True
Suppose 20*t - 3*t - 134419 = 0. Is t composite?
False
Suppose -4*w = 3 + 1. Let a(u) = 17*u**3 - 6*u**2 + 5*u - 7. Let p(n) = 18*n**3 - 5*n**2 + 4*n - 6. Let l(y) = 5*a(y) - 6*p(y). Is l(w) composite?
False
Let r = -143 + 776. Suppose 0 = -0*u - 3*u + r. Is u prime?
True
Let b(m) = -m**3 + 6*m**2 + 4*m + 3. Let j be b(5). Let x be -2*(j/(-2))/(-4). Let i(n) = -n**3 - 12*n**2 - 5*n - 7. Is i(x) prime?
True
Let p = 11 - 7. Let u be -1*19*(-5 + p). Let v = u - -186. Is v a prime number?
False
Suppose 0*a = -2*a + 500. Let g = a + -149. Suppose -g = -v - 19. Is v composite?
True
Let g = -3025 + 7036. Suppose g = d + 2*d. Is d prime?
False
Suppose 15*c - 321474 - 193311 = 0. Is c a composite number?
False
Suppose 3*g + 6*g + 18 = 0. Is (3964/(-6))/(g/6) a composite number?
True
Let s(q) = q**3 + 11*q**2 + 7*q + 11. Let b be 8/(-20) - (-36)/(-10). Is s(b) composite?
True
Suppose 2*x + 11 = -x + 2*f, 5*x + f = -27. Is 18*92 - 5/x prime?
True
Let a(t) = -t**2 + 19*t + 7. Suppose -4*q + 3 = -5*r - 20, -4*q + 73 = 5*r. Let h be a(q). Suppose 47 + h = 6*o. Is o composite?
False
Suppose -3*a = -54*w + 51*w - 14961, 4*w = 0. Is a a composite number?
False
Suppose 321 = i - 342. Suppose 3*w = 3*j - i, -2*j + j = 2*w - 221. Is j a prime number?
False
Let u(m) = -2*m + 137 + m**2 - 74 - 73. Let l = -27 + 15. Is u(l) a prime number?
False
Suppose -55*d - 2 = -53*d. Let k be (-3)/2*-4*1. Is 13345/102 - d/k composite?
False
Let a = -7261 - -12146. Is a a prime number?
False
Suppose -12 = t - 14. Suppose t*o + 46 = 4*o + 2*c, 5*c + 35 = o. Is o a prime number?
False
Suppose -4*h + 7 + 29 = 4*m, h + 4*m = 9. Suppose -6*y = -9*y + h. Suppose 0 = y*q + 2*q - 395. Is q prime?
True
Let m = 716 + -402. Is (-6)/(-6)*m/2 a composite number?
False
Is 5/(40/231816) + (1 - -1) composite?
False
Is 5/1 + 1147*62 a composite number?
False
Suppose -2*g + g = -2. Suppose 3*i - 3*m - g*m = 1171, 2*m + 1977 = 5*i. Is i a composite number?
False
Let c = -75 - -77. Suppose 2*m + c*p - 1048 = -0*m, 5*m = -2*p + 2605. Is m prime?
False
Is ((-21776)/24 - (-1)/3)*-1 a composite number?
False
Let r = -2450 - -6513. Is r a prime number?
False
Suppose 0*o - 4*f - 1740 = -o, -6906 = -4*o - 2*f. Suppose k = -2*k + o. Suppose -4*y + p = -k, p - 427 = -3*y + 3*p. Is y composite?
True
Let b = 1528 + -881. Is b prime?
True
Suppose 2*o = -0 + 4. Suppose 0 = -3*r + r - 8, 1668 = o*n + 2*r. Is n prime?
False
Suppose 0 = -c + l + 373, 2*c + 4*l = 3*l + 749. Let q = 745 - c. Is q composite?
True
Let x be 2910/25 - (-3)/5. Suppose 3*b = x + 99. Suppose 0 = 4*w - 5*n - b, -5*w - 49 = -4*n - 130. Is w composite?
False
Suppose 0 = 8*x - 4067 - 19701. Is x a prime number?
True
Suppose 2*h - 1 = -3*v + 4*v, 5*v = -h - 5. Suppose h = 3*m - m - 4. Suppose -m*i - i = 4*g - 317, -3*i - 2*g + 325 = 0. Is i a composite number?
True
Let u(l) = l**3 - 3*l**2 - 6*l - 3. Let x(q) = -2*q**3 + 5*q**2 + 11*q + 6. Let d(z) = 7*u(z) + 4*x(z). Let t be d(-2). Is t/12 - 859/(-4) composite?
True
Is (-1)/1*(4/1 + -2447) a composite number?
True
Is -5*1 + (7 - (12 + -9079)) a composite number?
True
Is (-4 - -7)*(0 + 1) + 1690 composite?
False
Let u = 20408 + 27306. Is u composite?
True
Suppose -1 = b + r - 3*r, b - 11 = -2*r. Suppose b*p = -3*a - 2*a + 2480, -a = 3. Is p a composite number?
False
Suppose -1002 = -3*o - o - 3*q, 2*o - q - 506 = 0. Let n be -3*(19 - 2)/(-1). Suppose j + n = o. Is j a prime number?
False
Let v(l) = 109*l**2 + l - 2. Let g be v(4). Is (22/(-3))/((-12)/g) a prime number?
False
Let b(m) = -285*m**3 - 4*m**2 + 4*m - 3. Let j be b(2). Let c = -245 - j. Suppose 0 = -5*o + 5*a + 3495, -4*o = 3*a - c - 715. Is o a composite number?
True
Let b = 10221 - 4024. Is b prime?
True
Suppose -5*k + 5 = 5*b, -6*k + 4*b = -2*k - 20. Suppose 